g - 62 = 0. Calculate the remainder when t is divided by 5.
2
Suppose 0*x + 2*x = 56. What is the remainder when 97 is divided by (x/10)/((-18)/10 + 2)?
13
Let s be -1 + -29 + (1 - 4). What is the remainder when 76*(-5)/60*s is divided by 42?
41
Let c(j) = 13*j**2 + 8*j - 18. What is the remainder when 146 is divided by c(-3)?
71
Let t be (52/(-10))/((-18)/45). Suppose -2*s + t = -x, 6*x - 3*x = -15. What is the remainder when 55 is divided by (-4 - 0)/(s/(-14))?
13
Let i be -33*((-206)/42 - 6/14). Suppose -16*q - i = -24*q. Calculate the remainder when q is divided by 8.
6
Let t = -226 - -248. What is the remainder when 81 is divided by t?
15
Let p = -1333 + 1349. Suppose 0 = -0*u + u - 25. What is the remainder when u is divided by p?
9
Let k(i) = i**3 + 8*i**2 + 10*i - 142. What is the remainder when k(6) is divided by 33?
26
Suppose t = -3*t + 92. Let l = 2 + 3. Suppose -5*q + 12 + l = 2*i, -4*q + 12 = 2*i. Calculate the remainder when t is divided by q.
3
Calculate the remainder when (34 - 35)/((-1 - 1)/302) is divided by 51.
49
Calculate the remainder when 110 is divided by 6/14 + (-67996)/(-1246).
0
Suppose c - 56 = -2*m, 16*m - 44 = 14*m + 5*c. Calculate the remainder when 130 is divided by m.
22
Suppose 5*s - w - 49 = 231, -2*s = w - 119. Calculate the remainder when 150 is divided by s.
36
Let h(c) = 2*c - 8. Let d be h(6). Suppose -d*g - 4*s + 3*s + 64 = 0, 4*g = 4*s + 64. Calculate the remainder when g is divided by 9.
7
Let o be 2/9 - (-26)/(-117). Suppose o = 2*q - 31 - 1. What is the remainder when 63 is divided by q?
15
Let i = 135 + -145. What is the remainder when 60 is divided by 30/4 - 8/(-6 + i)?
4
Suppose -2*g - 5*z = -67, 5*g = -0*z - 4*z + 176. What is the remainder when 45 is divided by g?
9
Let j(k) = k**3 - 8*k**2 - 16*k + 8. What is the remainder when j(10) is divided by 17?
14
Suppose -181 = -2*m + 69. Suppose -73 = -3*y + u - 0*u, 5*y - 140 = -2*u. What is the remainder when m is divided by y?
21
Let r be -4*(-3)/60 - 24/(-5). Suppose -2*q + 3*q - 3*x - 21 = 0, -r*q - 3*x + 69 = 0. Calculate the remainder when 29 is divided by q.
14
Suppose -2*l = -0*l. What is the remainder when 14 is divided by (l - 1)/(1/(-5))?
4
Let t(a) = a**3 - 6*a**2 - 8*a - 17. Let v be t(7). Calculate the remainder when 9/1*(-4)/v*46 is divided by 14.
13
Let a be 14/(-21) + 11/3. Suppose -4*x = -0*r + 4*r - 20, a*r + 4*x = 17. Let i = 12 + -7. What is the remainder when i is divided by r?
2
What is the remainder when 328/10*(-65)/(-26) is divided by (42/(-4))/(3/(-8))?
26
Let o(j) = -j + 13. Let p be o(6). Suppose -2*n + 6*n + 14 = 2*g, -3*g = -4*n - 11. Let x = g + p. What is the remainder when 7 is divided by x?
3
Let y(f) = -f**2 - 10*f - 2. What is the remainder when 12/5*(6 - (-22 - 2)) is divided by y(-4)?
6
Let g = -1 + -5. Let q = g + 10. Calculate the remainder when 14 is divided by q.
2
What is the remainder when 110 is divided by 59 + 0 + (-1 - 4)?
2
Suppose -5*s + 21 = 3*n, -s + 3*s - 6 = 0. Suppose -25 = -q + 2*i, -4*q - 2*i + 124 = n*i. Let b = 13 - 3. Calculate the remainder when q is divided by b.
9
Suppose 12*o = 13 + 23. What is the remainder when 11 is divided by o?
2
Calculate the remainder when -2 - 0 - (-10)/15*141 is divided by 20.
12
Let p = 11 + -8. Suppose p*l + 3 = 12. Calculate the remainder when (-4)/(-2)*1 + 4 is divided by l.
0
Let t be (4 - (-996)/(-16))/((-2)/8). Suppose -8*a = -71 - t. Suppose 5*d = 2*d + 39. Calculate the remainder when a is divided by d.
12
Let k(s) = 2*s + 10 - 4*s + 0*s + 22. What is the remainder when 38 is divided by k(6)?
18
Let a be -7*((-2)/(-9) + 136/36). Calculate the remainder when 25 is divided by (1 - 0)/((-4)/a).
4
Let r = 402 + -392. What is the remainder when r is divided by 5?
0
Calculate the remainder when (3 - 3) + 100 + -8 is divided by ((-1)/((-1)/24))/(1/1).
20
Suppose -2*m = -0*m - 14. Calculate the remainder when ((-24)/(-1) - 1) + -3 is divided by m.
6
Let j = 405 + -187. What is the remainder when j is divided by 37?
33
Let u(r) = -55*r**3 - r**2 - 11*r - 10. What is the remainder when u(-1) is divided by 53?
2
Let i = -11 + 15. Let l = -138 + 156. Suppose a - l = -4*w - 0*a, -5*w + 33 = -4*a. What is the remainder when w is divided by i?
1
Let l = -29 + 83. Suppose l = 5*k - 21. Calculate the remainder when k is divided by 6/(-3)*(-18)/4.
6
Suppose 2*p + 128 = -5*d - 7, 4*d = -2*p - 130. Let u = -21 - p. What is the remainder when u is divided by 9?
7
Suppose -2*l = -4*l - 5*k + 19, -23 = -4*l + 5*k. Calculate the remainder when 35 is divided by l.
0
Suppose -190*p + 120 = -185*p. Calculate the remainder when 2/4*570/3 is divided by p.
23
Let p = -16509 - -16536. Let m = 3 + 4. What is the remainder when p is divided by m?
6
Suppose 5*x + 0*x = -310. Let v = x + 112. Let h = v + -30. Calculate the remainder when 35 is divided by h.
15
Calculate the remainder when 16/((3 - 5)*3/(-147)) is divided by 44.
40
Let a(c) = 2*c**2 - 4*c**3 - 2 + 2*c + 2*c + 3*c**2 + 3*c**3. Let u be a(5). Let n = u + 23. What is the remainder when n is divided by 14?
13
Let t(f) = 314*f**2 - 24*f - 43 - 591*f**2 + f**3 + 297*f**2. Calculate the remainder when (0 + 3)/((-2)/(-52)) is divided by t(-21).
18
Let x(z) = 2*z**3 + 12*z**2 - 17*z + 17. What is the remainder when 1251 is divided by x(-7)?
35
Let q = 241 - 172. What is the remainder when 610 is divided by q?
58
Calculate the remainder when 17 is divided by (-250)/20*(2 + 48/(-20)).
2
Suppose 7*l + 4*k = 4*l + 419, -4*l + k + 565 = 0. Calculate the remainder when l is divided by 11.
9
Let o = 12 - 4. Suppose 5*i = -9*m + 11*m + 183, -i = 4*m - 41. What is the remainder when i is divided by o?
5
Suppose 4*o - 4*w = 40, 33 + 7 = 4*o - 2*w. Suppose 3*h = -2*h + o. Calculate the remainder when 1 is divided by (-2 + 2/h)*-1.
0
Suppose -157 = -3*n - 2*x, -9*x = -4*n - 11*x + 210. Calculate the remainder when n is divided by 26.
1
Let d(n) = n**3 - 7*n**2 - 6*n + 31. Suppose 0 = 3*i + 2*i. Let x(z) = z**3 - z**2 + z + 10. What is the remainder when d(8) is divided by x(i)?
7
Suppose -21*v = -26*v + 20. Suppose 0 = v*u - j - 265, 2*u + 2*j = -j + 115. What is the remainder when u is divided by 34?
31
Let d(i) = i**3 - 10*i**2 - 7*i + 4. Let c(v) = v**3 - 20*v**2 + 2*v - 29. Let y be c(20). What is the remainder when d(y) is divided by 17?
14
Let f(z) = z**3 + 7*z**2 - 10*z - 9. What is the remainder when f(-6) is divided by 11?
10
Suppose 4*h = 8*h + 20, 2*r - 2*h = 422. What is the remainder when r is divided by 52?
50
Let t(j) be the first derivative of j**4/4 + j**3 - 3*j**2/2 + 3*j + 2. Let b be t(-4). Let d = b + 4. Calculate the remainder when d is divided by 1.
0
Suppose -16*b + 8*b = -2976. Calculate the remainder when b is divided by 24.
12
Let l = 23 + -15. Suppose -2*u + 490 = l*u. What is the remainder when u is divided by 13?
10
Let c(b) = b - 69*b**3 + 59*b**3 + 0*b + 1. Let n(q) = q**2 - 8*q + 3. What is the remainder when c(-1) is divided by n(8)?
1
Let l(c) = -c**3 - 2*c**2 - 9*c - 12. Let z be l(-5). Suppose 55*n - z = 51*n. Suppose -44 - 351 = -5*j. Calculate the remainder when j is divided by n.
25
Let j(a) = a**2 + 10*a - 16. Let x = 5 - 17. Calculate the remainder when j(x) is divided by 5.
3
Suppose -9 = -g + 39. Suppose 4*l = -0*l + g. Suppose -6 = -2*w, -2*r + 3*w = r - 60. Calculate the remainder when r is divided by l.
11
Suppose -19*l + 97 = -55. What is the remainder when 29 is divided by l?
5
Suppose -13*x + 25*x = -26*x + 5966. Let t = -27 - -67. Calculate the remainder when x is divided by t.
37
Let i(p) = -p**2 + 58*p - 2. Calculate the remainder when i(43) is divided by 54.
49
Let w(c) = -c**3 - 13*c**2 + c + 15. Let b be w(-13). Let g be ((-894)/(-12))/((-1)/b). Let k = 212 + g. Calculate the remainder when k is divided by 16.
15
Let l = 48 + -31. Let r(u) = 5*u**2 - 4*u + 2. Calculate the remainder when r(4) is divided by l.
15
Let t(c) = 9*c**2 + 26*c - 9. Calculate the remainder when 150 is divided by t(-4).
26
Suppose 1611 - 1147 = 8*t. Calculate the remainder when t is divided by 27.
4
Let v(y) = y**2 + 34*y + 48. What is the remainder when 104 is divided by v(-33)?
14
Suppose 4*u + 124 - 1112 = 0. What is the remainder when u is divided by 31?
30
Let c(n) = -n**2 - 11*n - 3. Let v(y) = 3*y**2